) = r**3 + r + 34. Suppose 0 = -8*t + 4*t. Let k be g(t). Suppose 0 = -3*l + 5*w + k, 0 = -3*l + w - 6*w - 16. List the prime factors of l.
3
Suppose 4*v - v - 4 = y, 2*y + 4*v - 42 = 0. Let h(o) = -9*o**2 + 5 + y*o**2 - o**2 + 3*o. What are the prime factors of h(-6)?
23
Let s = -42 - -14. Let v be (4 - s/(-8))*478. Suppose -6*n = -v + 11. List the prime factors of n.
2, 19
Let d be 8/40*(0 + 10). Suppose 2*q = 4*f - 444, -4*q - 68 = -d*f + 166. What are the prime factors of f?
109
Let f be (-34)/(0 + (4 - (9 - 4))). Suppose 47 = q - f. List the prime factors of q.
3
Suppose -5*v + 1684 = 274. Suppose -q = 5*q - v. What are the prime factors of q?
47
Let q(j) = 2*j**3 - 5*j**2 + 6*j - 4. Let i be q(4). Suppose -2*u = 2*n - 104, u - 12*n = -11*n + 44. Let v = i - u. What are the prime factors of v?
2, 5
Suppose 6*p - 11659 - 221 = 0. List the prime factors of p.
2, 3, 5, 11
List the prime factors of 0 - (-656 - -6 - -9).
641
Let l be (-158)/(-8) + (-36)/48. Let f = l + -14. Suppose -2*m + 2 = 3*c - 18, 3 = -m + f*c. List the prime factors of m.
7
Let b be ((-20)/14)/(-1 - 48/(-56)). Let a(d) = 2*d**2 + 6*d - 18. List the prime factors of a(b).
2, 11
Let k(g) = -g**3 + 5*g**2 + 8*g - 5. Let p be k(6). Let x be (108/21)/(1/p). Suppose a - 12 - x = 0. List the prime factors of a.
2, 3
Suppose -w - 5*s + 750 = 4*w, -5*s = 3*w - 444. What are the prime factors of w?
3, 17
Suppose 6*v = 4*v - 170. List the prime factors of (-155)/2*102/v.
3, 31
List the prime factors of (-2 - 7) + 15 + 2454/2.
3, 137
Suppose 16 = 5*x - 9. Suppose -x*t + 3*t - a + 90 = 0, 194 = 4*t - 5*a. What are the prime factors of t?
2, 23
Let y(j) = -5*j + 4*j + 4 - 4 - 5. Let m be y(-7). Suppose 0 = -3*u + 1 - 7, 3*s + m*u = 23. What are the prime factors of s?
3
Let o = -595 - -104. Let g = -247 - o. What are the prime factors of g?
2, 61
List the prime factors of ((-2 - -2) + 645)*2304/720.
2, 3, 43
Let r = 4565 - 2633. List the prime factors of r.
2, 3, 7, 23
Let z = -457 - -640. What are the prime factors of z?
3, 61
Let u = 1156 + -822. What are the prime factors of u?
2, 167
Let k be 12/18*(5 - 2). Suppose -5*x + 234 = 4*v, 3*v + 4*x = k*v + 53. List the prime factors of v.
61
Let j = 13 + 2. Suppose m + j = 4*m. List the prime factors of m.
5
Let g(p) = -2*p**3 + p**2 - 2*p - 4. Suppose -4*r = -2*o - 12, 2 = -0*r + 2*r. List the prime factors of g(o).
2, 37
List the prime factors of (-48 + -21)/((-1)/3).
3, 23
Let b(x) = x**3 + 12*x**2 - 16*x - 6. Let m be b(-13). Let q = m + -9. What are the prime factors of q?
2, 3
Let k(h) = -h**2 - 15*h + 10. Let n be k(-10). Suppose 9*m = 7*m + n. Let l = m - -11. What are the prime factors of l?
41
Let h(i) = i**2 + 4*i - 10. Let a(w) = -w**2 - 3*w + 10. Let b(p) = -6*a(p) - 5*h(p). Let g be (-56)/(-20)*10/4. List the prime factors of b(g).
5
Suppose -2*n + 0*n - 4*o = 4, -3*n = 2*o - 2. What are the prime factors of n/(-9) - 2125/(-45)?
47
Let j be 945/(-75) + 3/5. Let h be 1039/6 - (-2)/j. Let y = h + -114. What are the prime factors of y?
59
Let x(g) = -2*g**3 - g + 3. Let j be x(-3). Let t = j - 46. What are the prime factors of t?
2, 7
Suppose 0 = 11*i + 22*i - 11154. What are the prime factors of i?
2, 13
Let z(s) = 31*s - 241. What are the prime factors of z(37)?
2, 3, 151
Let j(k) = -20*k. Let v be j(2). Let q(h) = -h**2 - 44*h + 33. Let w be q(-45). Let s = w - v. List the prime factors of s.
2, 7
Let c = -4448 + 6343. List the prime factors of c.
5, 379
List the prime factors of (44/132)/((-2)/(-3156)).
2, 263
Let j(g) = 2*g - 3. Let s be j(3). Suppose -s*t + 169 + 23 = 0. List the prime factors of t.
2
Let q = 0 + 4. Let a(f) = 4*f + 3*f - 4 - 5*f**2 + 8*f + q*f**2. What are the prime factors of a(10)?
2, 23
Let s(a) be the first derivative of -a**4/4 - 11*a**3/3 - a**2/2 + 9*a - 5. Let z be s(-11). Suppose 4*g = 5*g - z. List the prime factors of g.
2, 5
Let g be 0*3*(-1)/(-6). Suppose g = -6*t + 11*t. List the prime factors of -1 + (3 - (t + -5)).
7
Let c = 434 + -138. What are the prime factors of c?
2, 37
Let w(l) = 12*l - 118. List the prime factors of w(35).
2, 151
Let b = 5225 - 3210. What are the prime factors of b?
5, 13, 31
Suppose -4 = -2*g + c, -g + 2*g = 4*c - 12. Suppose -s = g*y - 21, y = -3*s + 39 + 24. What are the prime factors of s?
3, 7
Suppose c + 0 = 3. Suppose -c*u + 2*u = 0. List the prime factors of -1 - -16 - (u + -2).
17
Let i(a) = -5*a**2 - 5*a**3 - a**2 - 3*a + 4*a**3 - 9. Let b be i(-6). Let q = 15 - b. What are the prime factors of q?
2, 3
Let n = 6 - -23. Let k = 33 - n. Suppose 2*g - 142 = k*l, 5*g - 2*l + l - 373 = 0. List the prime factors of g.
3, 5
Let b = -23 - -23. Suppose -2*w + 126 - 28 = b. What are the prime factors of w?
7
Suppose 17*t - 14*t - 4779 = 0. What are the prime factors of t?
3, 59
Suppose -37 = 2*n - 41. Suppose -9 = -5*y + 4*z + 4, y + 1 = n*z. List the prime factors of y.
5
Let y(k) = k**2 - 9*k - 11. Let j be y(11). Suppose 4*m = f + 7, 0 = 5*f - 3*m - 39 - j. Suppose -8*i - 30 = -f*i. List the prime factors of i.
2, 3
Suppose -12 = r - 17. Suppose 0*x - 540 = -r*x. Suppose 0 = 4*j - x - 116. List the prime factors of j.
2, 7
Let t(x) = 64*x**2 - 2*x. Let g be t(-3). What are the prime factors of 2/3 + 6*g/27?
2, 5, 13
Suppose 7*k - 2860 = -4*k. What are the prime factors of k?
2, 5, 13
Let k(x) = x**3 + 28*x**2 + 6*x + 41. What are the prime factors of k(-8)?
19, 67
List the prime factors of (-3)/(-9) + (-23)/((-552)/28720).
3, 7, 19
Suppose -44*f + 37*f = -441. List the prime factors of f.
3, 7
Let w(x) = x - 8. Let z be w(8). Let g(r) = 2*r**2 - r + 107. List the prime factors of g(z).
107
Let x = 4276 + -2490. What are the prime factors of x?
2, 19, 47
Let k = -178 - -920. List the prime factors of k.
2, 7, 53
Let x = 46 - 45. Let i(n) = 132*n + 1. List the prime factors of i(x).
7, 19
Let a(d) = -d**2 + 10*d - 18. Let u be a(8). Let t be -5 + (-4)/u + 2. What are the prime factors of t/(3 - 592/196)?
7
Suppose 6*j = 2715 + 3009. List the prime factors of j.
2, 3, 53
Let p = 252 - 68. Suppose 5*b = 26 + p. What are the prime factors of (-14)/b - (-104)/6?
17
Let v = 2 + 0. Suppose -5*c + v*c = -2*u - 7, -5*c = 4*u - 41. Suppose -4*h = u*b - 156, 135 = 4*b + h - 15. List the prime factors of b.
37
Suppose -322 = -l + 442. List the prime factors of l.
2, 191
Let t(h) be the first derivative of h**2 - 3*h + 6. Let m be t(3). Suppose -4*u = -2*q - 64, -m*q = -4*q - 2. List the prime factors of u.
3, 5
Let l = 516 - 226. What are the prime factors of l?
2, 5, 29
Let b = -201 + 223. List the prime factors of b.
2, 11
Suppose 3*b = -5*c + 63 + 640, -1209 = -5*b + c. Suppose -2*r + b = -71. What are the prime factors of r?
2, 3, 13
Let u(o) = -o**2 + 9*o + 6. Let g be u(7). Suppose 3*x + g = 2*x + 5*a, -2*x - a = -15. What are the prime factors of x?
5
Suppose h - 3*h + 2*a + 2388 = 0, a = -4*h + 4776. What are the prime factors of h?
2, 3, 199
Let g(x) = 128*x**2 - 47*x - 18. What are the prime factors of g(5)?
7, 421
Let l = -143 - -623. List the prime factors of l.
2, 3, 5
Suppose o - 606 = -3*n + 278, 288 = n - o. List the prime factors of n.
293
Suppose -j + 14 = -31. List the prime factors of (j/(-20))/((-3)/88).
2, 3, 11
Suppose -5*l + 2*r = 18 - 43, l + 5*r = -22. List the prime factors of 2 - ((-1275)/l)/5.
3, 29
Let y(g) = g. Let j(c) = c**2 + 3*c - 4. Let s(f) = j(f) - 2*y(f). Suppose 0*h + 5*w = -5*h + 20, -5*h + 16 = w. What are the prime factors of s(h)?
2
Let z(s) = s**3 - 8*s**2 + 4*s. Let g be z(6). Let r = g - -215. List the prime factors of r.
167
Suppose 9 = 4*k - k. Let h = 300 + -296. Suppose 0 = 4*u - h*o - 324, k*u + o - 223 = -0*u. List the prime factors of u.
2, 19
Let f(x) be the first derivative of -5*x**3/6 + 4*x - 5. Let o(z) be the first derivative of f(z). List the prime factors of o(-6).
2, 3, 5
Let v = 340 + -326. Suppose -3*c + 44 = r - 86, -3*c + 106 = -5*r. Let w = c - v. List the prime factors of w.
2, 7
Let q = 5 - 5. Suppose 5*j + 10 = q, 9 + 11 = v + 2*j. Suppose -v = -h - h + 4*k, 2*h = 3*k + 24. What are the prime factors of h?
2, 3
Let c be -4 + 165/(3 + 0). Let g = -17 + c. What are the prime factors of g?
2, 17
Suppose -2*t = 3*n - 336 - 1, 5*t - 25 = 0. Suppose -n = -4*j + 659. List the prime factors of j.
2, 3
Let 